 + 85*p + 38. What is d(21)?
59
Let a(q) = -2*q**3 + 189*q**2 + 88*q - 19. Give a(95).
-684
Let u(f) = f**3 + 17*f**2 + 7*f - 4. What is u(-16)?
140
Let b(j) = -j**2 - 61*j - 362. Calculate b(-7).
16
Let t(c) = -54*c + 209. Calculate t(3).
47
Let l(s) = 7*s**2 - 149*s - 272. Calculate l(23).
4
Let j(g) = -2*g**2 + 24*g + 81. Calculate j(10).
121
Let p(j) = j**3 + 4*j**2 - 33*j - 87. Calculate p(-3).
21
Let k(s) = -2*s**3 - 2*s**2 - 34*s - 57. Calculate k(-2).
19
Let j(t) = t + 142. Give j(21).
163
Let j(a) = -39*a - 131. Determine j(-4).
25
Let m(q) = -2*q - 32. Calculate m(22).
-76
Let j(a) = -a**3 - 5*a**2 - 91*a - 428. What is j(-5)?
27
Let j(r) = 191*r - 41629. Calculate j(218).
9
Let d(f) = -9*f**2 + 23*f + 114. Determine d(-4).
-122
Let n(u) = -36*u**3 - 7*u**2 - 2*u - 4. Calculate n(-1).
27
Let t(x) = 1584*x + 17438. Give t(-11).
14
Let n(i) = 24*i + 101. What is n(-16)?
-283
Let z(k) = k**3 + 30*k**2 - 65*k - 34. Calculate z(-32).
-2
Let v(g) = 868*g**3 - g**2 + 21*g + 21. Determine v(-1).
-869
Let w(q) = -2*q**2 + 162*q - 1760. Calculate w(68).
8
Let f(x) = -22*x - 467. Determine f(-11).
-225
Let w(q) = 5*q**2 - 5*q - 78. Give w(-6).
132
Let q(m) = -310*m - 1495. Give q(-5).
55
Let i(z) = -268*z - 38583. Give i(-144).
9
Let f(z) = 3*z**3 - 33*z**2 - 13*z + 139. Determine f(11).
-4
Let x(w) = -6*w**2 + 651*w - 274. Give x(108).
50
Let x(t) = -t**2 + 94*t - 369. What is x(4)?
-9
Let m(n) = -6*n**2 - 154*n + 1175. Give m(7).
-197
Let d(g) = 3*g**3 - 8*g**2 + 5*g + 11. What is d(3)?
35
Let v(d) = -d**2 + 5*d + 635. What is v(-22)?
41
Let b(o) = -o**3 - 138*o**2 + 8233*o - 368. What is b(-183)?
-2
Let w(m) = 5*m**3 + 99*m**2 + 199*m - 2. Calculate w(-2).
-44
Let r(f) = f**2 - 1326*f - 9334. Give r(-7).
-3
Let p(v) = -47*v**2 + 84*v - 36. Determine p(2).
-56
Let w(t) = 4*t**2 - 65*t + 235. Give w(7).
-24
Let j(q) = -3*q + 67. Calculate j(6).
49
Let z(u) = 10*u - 101. Determine z(-17).
-271
Let c(r) = -r**3 + 15*r**2 - 21*r - 44. Give c(13).
21
Let o(l) = -15*l - 87. What is o(-18)?
183
Let j(h) = 2*h**3 + 40*h**2 + 41*h + 58. Give j(-19).
1
Let l(b) = -2*b**2 - 84*b + 354. Give l(4).
-14
Let h(d) = -16*d - 485. Give h(-30).
-5
Let v(o) = o**3 - 41*o**2 - 6*o + 270. Calculate v(41).
24
Let l(k) = -k - 10. Give l(1).
-11
Let i(d) = d**3 - 11*d**2 - 347*d - 86. Calculate i(25).
-11
Let y(r) = -20*r + 978. What is y(49)?
-2
Let q(f) = 73*f - 309. Give q(4).
-17
Let x(r) = r**2 + 5*r - 13. Give x(-18).
221
Let q(z) = z**3 - 100*z**2 + 497*z - 2088. Calculate q(95).
2
Let z(k) = -10*k**2 + 74*k + 6. Determine z(7).
34
Let g(n) = n**2 - 55*n - 58. What is g(0)?
-58
Let q(t) = t**3 - 21*t**2 - 74*t + 13. Determine q(24).
-35
Let q(z) = -5*z**2 - 71*z - 237. What is q(-9)?
-3
Let r(l) = -2*l**3 - 117*l**2 + 211*l + 1843. What is r(-60)?
-17
Let v(t) = 19*t + 187. Determine v(-10).
-3
Let t(s) = -62*s - 262. Give t(-5).
48
Let n(v) = 4*v**2 + 25*v + 63. Calculate n(-4).
27
Let g(u) = 55*u + 200. Determine g(4).
420
Let z(l) = 546*l - 62787. Give z(115).
3
Let u(g) = -g**2 + 15417*g + 16. Determine u(0).
16
Let u(g) = 141*g + 984. Determine u(-7).
-3
Let k(z) = -44*z + 848. Determine k(23).
-164
Let d(y) = -y**3 + 75*y**2 - 333*y - 1202. Determine d(70).
-12
Let p(u) = 169*u + 3009. What is p(-18)?
-33
Let o(x) = -18*x**2 - 972*x - 2. Calculate o(-54).
-2
Let r(t) = 1031*t - 6218. Determine r(6).
-32
Let k(x) = 34*x - 776. What is k(24)?
40
Let d(a) = -2*a**2 + 20*a + 80. Determine d(13).
2
Let k(v) = v**3 + 297*v**2 + 1184*v + 46. Give k(-4).
-2
Let i(f) = 2*f**2 + 257*f + 4069. Give i(-110).
-1
Let b(t) = -6*t**2 + 55*t - 27. Calculate b(9).
-18
Let z(a) = 9*a - 368. Give z(-71).
-1007
Let s(d) = -285*d - 165. What is s(1)?
-450
Let g(j) = 22*j**2 + 395*j + 7. Determine g(-18).
25
Let l(i) = 18*i**2 + 77*i - 153. Calculate l(-6).
33
Let h(d) = -10*d**2 - 291*d - 312. Give h(-28).
-4
Let n(p) = p**3 - 29*p**2 + 180*p + 407. What is n(17)?
-1
Let x(c) = 13*c**3 - 14*c**2 + 534*c + 547. Give x(-1).
-14
Let m(f) = 312*f - 3537. What is m(11)?
-105
Let k(o) = -o**2 + 18*o + 261. Give k(-10).
-19
Let c(i) = -i**2 - 308*i + 9770. What is c(29)?
-3
Let w(u) = 27*u**2 + 43*u - 125. Give w(3).
247
Let q(m) = 55*m + 339. Determine q(-6).
9
Let a(j) = 35*j + 390. Determine a(-10).
40
Let p(q) = -q**2 - 921*q - 10006. Give p(-11).
4
Let u(x) = 15*x - 443. What is u(64)?
517
Let d(l) = 16*l**2 - 159*l - 16. What is d(10)?
-6
Let f(q) = q**3 + 3*q**2 - 13*q + 8. Determine f(1).
-1
Let k(m) = m**2 - 16*m - 77. Determine k(18).
-41
Let j(y) = 33*y - 2779. Give j(83).
-40
Let p(v) = -5*v**2 + 147*v + 249. Give p(31).
1
Let m(z) = -z + 868. Give m(49).
819
Let u(b) = -6*b**2 + 85*b + 148. What is u(15)?
73
Let b(a) = -111*a - 307. Calculate b(-7).
470
Let d(h) = -279*h - 6150. Give d(-22).
-12
Let i(o) = -9*o**2 + 30*o - 7. What is i(5)?
-82
Let b(d) = -56*d - 89. Determine b(4).
-313
Let z(i) = 32*i**2 + 64*i - 776. Determine z(-6).
-8
Let s(z) = -51*z + 857. Determine s(18).
-61
Let r(q) = q**2 - 136*q - 1621. Calculate r(147).
-4
Let t(j) = 123*j - 8039. Determine t(65).
-44
Let h(s) = s**2 + 4*s - 262. Determine h(24).
410
Let i(d) = 101*d + 531. What is i(-5)?
26
Let n(l) = -637*l**3 + 6*l**2 + 10*l - 12. Give n(1).
-633
Let t(w) = 10*w**2 - 34*w - 25. Determine t(4).
-1
Let t(g) = 872*g + 7010. Calculate t(-8).
34
Let r(b) = -23*b - 13. Give r(1).
-36
Let u(t) = -93*t - 1526. What is u(-17)?
55
Let b(f) = -26*f - 530. What is b(-25)?
120
Let p(y) = y**3 + 25*y**2 - 11*y - 213. Determine p(-25).
62
Let h(g) = 2*g**2 + 33*g + 146. Determine h(-5).
31
Let m(k) = k**2 + 84*k + 1596. Determine m(-56).
28
Let q(x) = -14*x - 485. Calculate q(-35).
5
Let p(h) = 3*h**3 - 381*h**2 + 383*h - 637. Give p(126).
-7
Let o(z) = 159*z + 4929. Give o(-31).
0
Let f(w) = -23*w**2 + 239*w - 62. Calculate f(10).
28
Let s(n) = 3*n**2 - 20*n - 35. Determine s(8).
-3
Let p(t) = -t**3 - 12*t**2 - 7*t - 2. Determine p(-12).
82
Let s(x) = 177*x**2 - 530*x - 5. Calculate s(3).
-2
Let f(d) = 93*d + 472. What is f(-7)?
-179
Let g(h) = -h**3 + 83*h**2 - 84*h + 104. Give g(82).
-60
Let t(q) = 6*q**2 - 32*q + 46. What is t(4)?
14
Let l(u) = -94*u - 6710. Calculate l(-72).
58
Let o(m) = 2194*m - 6619. Give o(3).
-37
Let z(n) = 9*n**2 - 7*n - 3. Determine z(-4).
169
Let w(v) = 41*v - 5339. What is w(130)?
-9
Let m(x) = -2396*x + 9595. What is m(4)?
11
Let u(r) = 1165*r - 6984. Give u(6).
6
Let v(s) = -2*s**3 - 17*s**2 + 103*s + 847. Calculate v(-9).
1
Let x(q) = -4*q**2 + 14*q + 204. Determine x(-6).
-24
Let p(h) = 105*h + 693. What is p(-7)?
-42
Let v(n) = 40*n + 805. What is v(-20)?
5
Let p(m) = -23*m**3 - 5*m**2 + 2*m + 4. Determine p(1).
-22
Let m(u) = 2*u**3 - 24*u**2 - 10*u - 53. What is m(12)?
-173
Let g(c) = c**2 - 54*c - 56. Calculate g(23).
-769
Let y(j) = -2*j**3 + 112*j**2 - 684*j - 106. Calculate y(49).
-8
Let b(j) = 155*j + 1234. Calculate b(-8).
-6
Let u(c) = -c**3 + c**2 + 16*c - 1. Calculate u(4).
15
Let w(k) = -k**2 - 63*k + 407. Calculate w(6).
-7
Let o(n) = n**3 + 11*n**2 + 36*n + 63. Determine o(-7).
7
Let a(d) = 61*d - 1506. Determine a(23).
-103
Let i(t) = -2*t**2 + 13*t + 1072. Give i(-20).
12
Let q(a) = 94*a**2 + 12784*a + 1. Give q(-136).
1
Let f(y) = y**3 - 10*y**2 + 8*y - 127. Give f(10).
-47
Let d(s) = -s**3 + 63*s**2 - 81*s + 1180. What is d(62)?
2
Let j(x) = x**2 - 1133*x + 26608. Determine j(24).
-8
Let s(g) = -78*g - 20894. Determine s(-268).
10
Let v(s) = s**3 - 2*s - 123. What is v(0)?
-123
Let x(r) = -3*r**3 + 124*r**2 - 48*r - 102. Determine x(41).
-389
Let o(h) = -h**2 - 82*h - 899. Calculate o(-13).
-2
Let n(g) = -1535*g - 3043. What is n(-2)?
27
Let m(g) = g**3 - 21*g**2 + 40*g - 28. Determine m(18).
-280
Let f(s) = 173*s - 630. What is f(4)?
62
Let c(w) = w**3 - 5*w**2 - 10*w + 36. What is c(6)?
12
Let p(v) = -30*v + 334. Determine p(12).
-26
Let m(u) = u**3 + 10*u**2 + 12*u + 346. Give m(-12).
-86
Let h(g) = -6*g**2 + 186*g - 1165. Calculate h(9).
23
Let p(f) = 27*f + 1298. Give p(-48).
2
Let j(c) = 28*c - 189. Determine j(12).
147
Let i(w) = -3*w**2 - 119*w - 1111. Give i(-25).
-11
Let i(x) = 3*x**3 - 30*x**2 + 65*x. Give i(7).
14
Let m(q) = -242*q - 3893. Determine m(-16).
-21
Let g(i) = i - 118. Determine g(35).
-83
Let c(a) = 2*a**3 - 23*a**2 + 58